{"id":30,"date":"2025-10-13T19:33:35","date_gmt":"2025-10-13T19:33:35","guid":{"rendered":"https:\/\/wegendir.com\/?page_id=30"},"modified":"2025-10-24T09:07:19","modified_gmt":"2025-10-24T09:07:19","slug":"wegen-dir","status":"publish","type":"page","link":"https:\/\/wegendir.com\/","title":{"rendered":"Wegen Dir"},"content":{"rendered":"\n<h3 class=\"wp-block-heading\" id=\"article\"><mark style=\"background-color:rgba(0, 0, 0, 0);color:#000000\" class=\"has-inline-color\">Kampagne anl\u00e4sslich des<br>\u201cInternationalen Tags gegen Gewalt an Frauen\u201d am 25. November 2025<\/mark><\/h3>\n\n\n\n<hr class=\"wp-block-separator has-alpha-channel-opacity is-style-wide\"\/>\n\n\n\n<p>H\u00e4usliche Gewalt, Sexualstraftaten, digitale Gewalt, Femizide und Menschenhandel \u2013 das sind Straftaten, die das Bundeskriminalamt in seinem Lagebericht 2023 als geschlechtsspezifische Straftaten einordnet, die prim\u00e4r Frauen betreffen. Im Jahr 2022 wurden in Deutschland alleine 938 Frauen Opfer eines Femizids, es wurden 52.330 Vorf\u00e4lle sexualisierter Gewalt gemeldet und 180.715 F\u00e4lle von h\u00e4uslicher Gewalt.<sup><code>1<\/code><\/sup> Diese Zahlen sind schockierend. Und f\u00fcr alle Fallkategorien ist davon auszugehen, dass die Dunkelziffer h\u00f6her liegt, da bei weitem nicht alle Vorf\u00e4lle zur Anzeige gebracht werden.<br><br>Einer Studie im Auftrag der Europ\u00e4ischen Union zu geschlechtsbezogener Gewalt aus dem Jahr 2024 hat jede dritte Frau* in Europa mindestens einmal in ihrem Leben k\u00f6rperliche oder sexualisierte Gewalt erfahren. Dabei gibt der Gro\u00dfteil der Befragten an, dass die T\u00e4ter (Ex-)Partner oder enge Bezugspersonen waren.<sup><code>2<\/code><\/sup> Bis heute spiegelt sich diese Tatsache nicht in der Art und Weise wieder, wie in \u00f6ffentlichen Debatten und Medienproduktionen \u00fcber Gewalt gegen Frauen gesprochen wird: M\u00e4dchen wachsen mit der Vorstellung auf, dass ihnen k\u00f6rperliche oder sexualisierte Gewalt potenziell \u00fcberall begegnen kann, haupts\u00e4chlich jedoch im \u00f6ffentlichen Raum. Tats\u00e4chlich begegnen M\u00e4dchen und Frauen ihren Peinigern fast ausschlie\u00dflich in ihrem nahen Umfeld \u2013 zuhause, unter Familienmitgliedern und in erster Linie durch ihre Partner. So beziffert das Bundeskriminalamt in seinem \u201cBundeslagebild H\u00e4usliche Gewalt 2023\u201d den Anteil an Partnerschaftsgewalt an den Gesamttaten h\u00e4uslicher Gewalt auf 65,5%.<sup><code>3<\/code><\/sup> Der Rat, im \u00f6ffentlichen Raum besonders auf der Hut zu sein, stellt insofern eine wenig hilfreiche Handlungsanweisung dar. Sie entlastet die Mehrheit der T\u00e4ter und bereitet Frauen und M\u00e4dchen nicht auf die wahren Gefahren vor.<\/p>\n\n\n\n<details class=\"wp-block-details is-layout-flow wp-block-details-is-layout-flow\"><summary>Mehr lesen<\/summary>\n<p>Auch \u00fcber die Gruppe der T\u00e4ter kursieren Missverst\u00e4ndnisse in der \u00f6ffentlichen Wahrnehmung: Sofern Gewalt gegen Frauen durch Medienberichte aufgegriffen wird thematisiert sie die Taten vor einem vermeintlich kulturellen Hintergrund der jeweiligen T\u00e4ter oder verortet diese in sozial schwachen Milieus. Femizide und Gewalt gegen Frauen, die von BIPoC M\u00e4nnern ausge\u00fcbt wird, finden ihren Weg am ehesten als Skandalthema in die Medien \u2013 Gewalttaten wei\u00dfer T\u00e4ter jedoch kaum, oder sie werden verharmlosend als \u201eEhedrama\u201c oder \u201eFamilientrag\u00f6die\u201c gerahmt.<sup><code>4<\/code><\/sup> Diese einseitige Thematisierung von Gewalt an Frauen wird ihrer tats\u00e4chlichen Verbreitung in der Gesellschaft nicht gerecht. Denn h\u00e4usliche Gewalt gegen Frauen kommt in allen sozialen Milieus und gesellschaftlichen Schichten vor.<sup><code>5<\/code><\/sup><br><br>Eine neuere Kategorie an Gewalt, die insbesondere Frauen trifft, ist digitale Gewalt. Einer Studie der Technischen Universit\u00e4t M\u00fcnchen und der NGO Hate Aid zufolge sind 63% der politisch engagierten Frauen im digitalen Raum von geschlechtsspezifischer Gewalt wie Sexismus, Frauenhass und misogynen Aussagen betroffen. Fast einem Viertel von ihnen wurde zudem schon sexualisierte Gewalt angedroht.<sup><code>6<\/code><\/sup> Das Ausma\u00df der Angriffe ist nicht verwunderlich, wenn man sich vergegenw\u00e4rtigt, dass Hass gegen Frauen der Dreh- und Angelpunkt ganzer internationaler Netzwerke ist, wie sie in der \u201eMannosph\u00e4re\u201c<code><sup>7<\/sup><\/code> zusammenkommen und in unterschiedlichen Subgruppierungen das Wiedererstarken einer als bedroht erlebten M\u00e4nnlichkeit propagieren \u2013 auf Kosten von Frauen. Vertreter von Bewegungen wie den <em>Incels<\/em> oder den <em>Pick-Up-Artists<\/em> sehen sich durch emanzipierte Frauen in ihrer M\u00e4nnlichkeit bedroht und streben danach, diese in geschlechtsspezifische Unterdr\u00fcckungsverh\u00e4ltnisse (zur\u00fcck) zu dr\u00e4ngen.<code><sup>8<\/sup><\/code> Dabei stellt die Mannosph\u00e4re nur einen Teil des antifeministischen Spektrums dar. Das Anliegen, ein konservatives Geschlechter- und Weltbild zu realisieren und Errungenschaften feministischer und Gleichstellungs-Politiken abzuschaffen eint Akteur*innen wie journalistische Gender-Gegner*innen, christliche Fundamentalist*innen, explizite Antifeminist*innen und rechte Akteur*innen.<code><sup>9<\/sup><\/code> Insbesondere junge Menschen sind auf den unterschiedlichen Social Media Plattformen antifeministischer Propaganda ausgesetzt. Eine Studie des \u00bbPolarization &amp; Extremism Research and Innovation Lab\u00ab der American University in Washington fand heraus, dass neuen YouTube-Accounts 16-j\u00e4hriger Jugendlicher innerhalb von weniger als neun Minuten antifeministischer Content angezeigt wird.<code><sup>10<\/sup><\/code> Wie stark der Blick junger \u2013 insbesondere m\u00e4nnlicher &#8211; Menschen auf Geschlechterrollen durch diese frauenfeindlichen Inhalte k\u00fcnftig tats\u00e4chlich gepr\u00e4gt sein wird wird sich in den kommenden Jahren herausstellen. Gewalt gegen Frauen sollte in ihrer Bedeutung auch f\u00fcr den Zustand von Demokratien nicht untersch\u00e4tzt werden. Es ist an der Zeit, menschenrechtsorientierte Haltungen zu verteidigen und f\u00fcr eine offene Gesellschaft einzutreten, in der alle ohne Angst leben k\u00f6nnen!<br><br>In Abgrenzung zu Kampagnen, die Frauen als Opfer in den Mittelpunkt stellen setzt die vorliegende Kampagne den Fokus auf die T\u00e4ter. Die Bilder der Kampagne zeigen deutsche M\u00e4nner, die unterschiedliche soziale Milieus der Bev\u00f6lkerung repr\u00e4sentieren. Gewalt gegen Frauen ist der eigenen Lebensrealit\u00e4t n\u00e4her, als man denkt.<\/p>\n<\/details>\n\n\n\n<div style=\"height:32px\" aria-hidden=\"true\" class=\"wp-block-spacer\"><\/div>\n\n\n\n<figure class=\"wp-block-gallery has-nested-images columns-3 wp-block-gallery-3 is-layout-flex wp-block-gallery-is-layout-flex\">\n<figure data-wp-context=\"{&quot;imageId&quot;:&quot;69e148f31dd56&quot;}\" data-wp-interactive=\"core\/image\" data-wp-key=\"69e148f31dd56\" class=\"wp-block-image size-full wp-lightbox-container\" id=\"posters\"><img loading=\"lazy\" decoding=\"async\" width=\"1403\" height=\"1987\" data-wp-class--hide=\"state.isContentHidden\" data-wp-class--show=\"state.isContentVisible\" data-wp-init=\"callbacks.setButtonStyles\" data-wp-on--click=\"actions.showLightbox\" data-wp-on--load=\"callbacks.setButtonStyles\" data-wp-on-window--resize=\"callbacks.setButtonStyles\" data-id=\"348\" src=\"https:\/\/wegendir.com\/wp-content\/uploads\/2025\/10\/poster_1-digital.jpg\" alt=\"\" class=\"wp-image-348\" srcset=\"https:\/\/wegendir.com\/wp-content\/uploads\/2025\/10\/poster_1-digital.jpg 1403w, https:\/\/wegendir.com\/wp-content\/uploads\/2025\/10\/poster_1-digital-212x300.jpg 212w, https:\/\/wegendir.com\/wp-content\/uploads\/2025\/10\/poster_1-digital-723x1024.jpg 723w, https:\/\/wegendir.com\/wp-content\/uploads\/2025\/10\/poster_1-digital-768x1088.jpg 768w, https:\/\/wegendir.com\/wp-content\/uploads\/2025\/10\/poster_1-digital-1085x1536.jpg 1085w\" sizes=\"auto, (max-width: 1403px) 100vw, 1403px\" \/><button\n\t\t\tclass=\"lightbox-trigger\"\n\t\t\ttype=\"button\"\n\t\t\taria-haspopup=\"dialog\"\n\t\t\taria-label=\"Enlarge\"\n\t\t\tdata-wp-init=\"callbacks.initTriggerButton\"\n\t\t\tdata-wp-on--click=\"actions.showLightbox\"\n\t\t\tdata-wp-style--right=\"state.imageButtonRight\"\n\t\t\tdata-wp-style--top=\"state.imageButtonTop\"\n\t\t>\n\t\t\t<svg xmlns=\"http:\/\/www.w3.org\/2000\/svg\" width=\"12\" height=\"12\" fill=\"none\" viewBox=\"0 0 12 12\">\n\t\t\t\t<path fill=\"#fff\" d=\"M2 0a2 2 0 0 0-2 2v2h1.5V2a.5.5 0 0 1 .5-.5h2V0H2Zm2 10.5H2a.5.5 0 0 1-.5-.5V8H0v2a2 2 0 0 0 2 2h2v-1.5ZM8 12v-1.5h2a.5.5 0 0 0 .5-.5V8H12v2a2 2 0 0 1-2 2H8Zm2-12a2 2 0 0 1 2 2v2h-1.5V2a.5.5 0 0 0-.5-.5H8V0h2Z\" \/>\n\t\t\t<\/svg>\n\t\t<\/button><\/figure>\n\n\n\n<figure data-wp-context=\"{&quot;imageId&quot;:&quot;69e148f32416f&quot;}\" data-wp-interactive=\"core\/image\" data-wp-key=\"69e148f32416f\" class=\"wp-block-image size-full wp-lightbox-container\"><img loading=\"lazy\" decoding=\"async\" width=\"1403\" height=\"1987\" data-wp-class--hide=\"state.isContentHidden\" data-wp-class--show=\"state.isContentVisible\" data-wp-init=\"callbacks.setButtonStyles\" data-wp-on--click=\"actions.showLightbox\" data-wp-on--load=\"callbacks.setButtonStyles\" data-wp-on-window--resize=\"callbacks.setButtonStyles\" data-id=\"349\" src=\"https:\/\/wegendir.com\/wp-content\/uploads\/2025\/10\/poster_2-digital.jpg\" alt=\"\" class=\"wp-image-349\" srcset=\"https:\/\/wegendir.com\/wp-content\/uploads\/2025\/10\/poster_2-digital.jpg 1403w, https:\/\/wegendir.com\/wp-content\/uploads\/2025\/10\/poster_2-digital-212x300.jpg 212w, https:\/\/wegendir.com\/wp-content\/uploads\/2025\/10\/poster_2-digital-723x1024.jpg 723w, https:\/\/wegendir.com\/wp-content\/uploads\/2025\/10\/poster_2-digital-768x1088.jpg 768w, https:\/\/wegendir.com\/wp-content\/uploads\/2025\/10\/poster_2-digital-1085x1536.jpg 1085w\" sizes=\"auto, (max-width: 1403px) 100vw, 1403px\" \/><button\n\t\t\tclass=\"lightbox-trigger\"\n\t\t\ttype=\"button\"\n\t\t\taria-haspopup=\"dialog\"\n\t\t\taria-label=\"Enlarge\"\n\t\t\tdata-wp-init=\"callbacks.initTriggerButton\"\n\t\t\tdata-wp-on--click=\"actions.showLightbox\"\n\t\t\tdata-wp-style--right=\"state.imageButtonRight\"\n\t\t\tdata-wp-style--top=\"state.imageButtonTop\"\n\t\t>\n\t\t\t<svg xmlns=\"http:\/\/www.w3.org\/2000\/svg\" width=\"12\" height=\"12\" fill=\"none\" viewBox=\"0 0 12 12\">\n\t\t\t\t<path fill=\"#fff\" d=\"M2 0a2 2 0 0 0-2 2v2h1.5V2a.5.5 0 0 1 .5-.5h2V0H2Zm2 10.5H2a.5.5 0 0 1-.5-.5V8H0v2a2 2 0 0 0 2 2h2v-1.5ZM8 12v-1.5h2a.5.5 0 0 0 .5-.5V8H12v2a2 2 0 0 1-2 2H8Zm2-12a2 2 0 0 1 2 2v2h-1.5V2a.5.5 0 0 0-.5-.5H8V0h2Z\" \/>\n\t\t\t<\/svg>\n\t\t<\/button><\/figure>\n\n\n\n<figure data-wp-context=\"{&quot;imageId&quot;:&quot;69e148f3267aa&quot;}\" data-wp-interactive=\"core\/image\" data-wp-key=\"69e148f3267aa\" class=\"wp-block-image size-full wp-lightbox-container\"><img loading=\"lazy\" decoding=\"async\" width=\"1403\" height=\"1987\" data-wp-class--hide=\"state.isContentHidden\" data-wp-class--show=\"state.isContentVisible\" data-wp-init=\"callbacks.setButtonStyles\" data-wp-on--click=\"actions.showLightbox\" data-wp-on--load=\"callbacks.setButtonStyles\" data-wp-on-window--resize=\"callbacks.setButtonStyles\" data-id=\"350\" src=\"https:\/\/wegendir.com\/wp-content\/uploads\/2025\/10\/poster_3-digital.jpg\" alt=\"\" class=\"wp-image-350\" srcset=\"https:\/\/wegendir.com\/wp-content\/uploads\/2025\/10\/poster_3-digital.jpg 1403w, https:\/\/wegendir.com\/wp-content\/uploads\/2025\/10\/poster_3-digital-212x300.jpg 212w, https:\/\/wegendir.com\/wp-content\/uploads\/2025\/10\/poster_3-digital-723x1024.jpg 723w, https:\/\/wegendir.com\/wp-content\/uploads\/2025\/10\/poster_3-digital-768x1088.jpg 768w, https:\/\/wegendir.com\/wp-content\/uploads\/2025\/10\/poster_3-digital-1085x1536.jpg 1085w\" sizes=\"auto, (max-width: 1403px) 100vw, 1403px\" \/><button\n\t\t\tclass=\"lightbox-trigger\"\n\t\t\ttype=\"button\"\n\t\t\taria-haspopup=\"dialog\"\n\t\t\taria-label=\"Enlarge\"\n\t\t\tdata-wp-init=\"callbacks.initTriggerButton\"\n\t\t\tdata-wp-on--click=\"actions.showLightbox\"\n\t\t\tdata-wp-style--right=\"state.imageButtonRight\"\n\t\t\tdata-wp-style--top=\"state.imageButtonTop\"\n\t\t>\n\t\t\t<svg xmlns=\"http:\/\/www.w3.org\/2000\/svg\" width=\"12\" height=\"12\" fill=\"none\" viewBox=\"0 0 12 12\">\n\t\t\t\t<path fill=\"#fff\" d=\"M2 0a2 2 0 0 0-2 2v2h1.5V2a.5.5 0 0 1 .5-.5h2V0H2Zm2 10.5H2a.5.5 0 0 1-.5-.5V8H0v2a2 2 0 0 0 2 2h2v-1.5ZM8 12v-1.5h2a.5.5 0 0 0 .5-.5V8H12v2a2 2 0 0 1-2 2H8Zm2-12a2 2 0 0 1 2 2v2h-1.5V2a.5.5 0 0 0-.5-.5H8V0h2Z\" \/>\n\t\t\t<\/svg>\n\t\t<\/button><\/figure>\n\n\n\n<figure data-wp-context=\"{&quot;imageId&quot;:&quot;69e148f328ab4&quot;}\" data-wp-interactive=\"core\/image\" data-wp-key=\"69e148f328ab4\" class=\"wp-block-image size-full wp-duotone-unset-1 wp-lightbox-container\"><img loading=\"lazy\" decoding=\"async\" width=\"1403\" height=\"1987\" data-wp-class--hide=\"state.isContentHidden\" data-wp-class--show=\"state.isContentVisible\" data-wp-init=\"callbacks.setButtonStyles\" data-wp-on--click=\"actions.showLightbox\" data-wp-on--load=\"callbacks.setButtonStyles\" data-wp-on-window--resize=\"callbacks.setButtonStyles\" data-id=\"352\" src=\"https:\/\/wegendir.com\/wp-content\/uploads\/2025\/10\/poster_4-digital.jpg\" alt=\"\" class=\"wp-image-352\" srcset=\"https:\/\/wegendir.com\/wp-content\/uploads\/2025\/10\/poster_4-digital.jpg 1403w, https:\/\/wegendir.com\/wp-content\/uploads\/2025\/10\/poster_4-digital-212x300.jpg 212w, https:\/\/wegendir.com\/wp-content\/uploads\/2025\/10\/poster_4-digital-723x1024.jpg 723w, https:\/\/wegendir.com\/wp-content\/uploads\/2025\/10\/poster_4-digital-768x1088.jpg 768w, https:\/\/wegendir.com\/wp-content\/uploads\/2025\/10\/poster_4-digital-1085x1536.jpg 1085w\" sizes=\"auto, (max-width: 1403px) 100vw, 1403px\" \/><button\n\t\t\tclass=\"lightbox-trigger\"\n\t\t\ttype=\"button\"\n\t\t\taria-haspopup=\"dialog\"\n\t\t\taria-label=\"Enlarge\"\n\t\t\tdata-wp-init=\"callbacks.initTriggerButton\"\n\t\t\tdata-wp-on--click=\"actions.showLightbox\"\n\t\t\tdata-wp-style--right=\"state.imageButtonRight\"\n\t\t\tdata-wp-style--top=\"state.imageButtonTop\"\n\t\t>\n\t\t\t<svg xmlns=\"http:\/\/www.w3.org\/2000\/svg\" width=\"12\" height=\"12\" fill=\"none\" viewBox=\"0 0 12 12\">\n\t\t\t\t<path fill=\"#fff\" d=\"M2 0a2 2 0 0 0-2 2v2h1.5V2a.5.5 0 0 1 .5-.5h2V0H2Zm2 10.5H2a.5.5 0 0 1-.5-.5V8H0v2a2 2 0 0 0 2 2h2v-1.5ZM8 12v-1.5h2a.5.5 0 0 0 .5-.5V8H12v2a2 2 0 0 1-2 2H8Zm2-12a2 2 0 0 1 2 2v2h-1.5V2a.5.5 0 0 0-.5-.5H8V0h2Z\" \/>\n\t\t\t<\/svg>\n\t\t<\/button><\/figure>\n\n\n\n<figure data-wp-context=\"{&quot;imageId&quot;:&quot;69e148f32937f&quot;}\" data-wp-interactive=\"core\/image\" data-wp-key=\"69e148f32937f\" class=\"wp-block-image size-full wp-duotone-unset-2 wp-lightbox-container\"><img loading=\"lazy\" decoding=\"async\" width=\"1403\" height=\"1987\" data-wp-class--hide=\"state.isContentHidden\" data-wp-class--show=\"state.isContentVisible\" data-wp-init=\"callbacks.setButtonStyles\" data-wp-on--click=\"actions.showLightbox\" data-wp-on--load=\"callbacks.setButtonStyles\" data-wp-on-window--resize=\"callbacks.setButtonStyles\" data-id=\"353\" src=\"https:\/\/wegendir.com\/wp-content\/uploads\/2025\/10\/poster_5-digital.jpg\" alt=\"\" class=\"wp-image-353\" srcset=\"https:\/\/wegendir.com\/wp-content\/uploads\/2025\/10\/poster_5-digital.jpg 1403w, https:\/\/wegendir.com\/wp-content\/uploads\/2025\/10\/poster_5-digital-212x300.jpg 212w, https:\/\/wegendir.com\/wp-content\/uploads\/2025\/10\/poster_5-digital-723x1024.jpg 723w, https:\/\/wegendir.com\/wp-content\/uploads\/2025\/10\/poster_5-digital-768x1088.jpg 768w, https:\/\/wegendir.com\/wp-content\/uploads\/2025\/10\/poster_5-digital-1085x1536.jpg 1085w\" sizes=\"auto, (max-width: 1403px) 100vw, 1403px\" \/><button\n\t\t\tclass=\"lightbox-trigger\"\n\t\t\ttype=\"button\"\n\t\t\taria-haspopup=\"dialog\"\n\t\t\taria-label=\"Enlarge\"\n\t\t\tdata-wp-init=\"callbacks.initTriggerButton\"\n\t\t\tdata-wp-on--click=\"actions.showLightbox\"\n\t\t\tdata-wp-style--right=\"state.imageButtonRight\"\n\t\t\tdata-wp-style--top=\"state.imageButtonTop\"\n\t\t>\n\t\t\t<svg xmlns=\"http:\/\/www.w3.org\/2000\/svg\" width=\"12\" height=\"12\" fill=\"none\" viewBox=\"0 0 12 12\">\n\t\t\t\t<path fill=\"#fff\" d=\"M2 0a2 2 0 0 0-2 2v2h1.5V2a.5.5 0 0 1 .5-.5h2V0H2Zm2 10.5H2a.5.5 0 0 1-.5-.5V8H0v2a2 2 0 0 0 2 2h2v-1.5ZM8 12v-1.5h2a.5.5 0 0 0 .5-.5V8H12v2a2 2 0 0 1-2 2H8Zm2-12a2 2 0 0 1 2 2v2h-1.5V2a.5.5 0 0 0-.5-.5H8V0h2Z\" \/>\n\t\t\t<\/svg>\n\t\t<\/button><\/figure>\n<\/figure>\n\n\n\n<div style=\"height:100px\" aria-hidden=\"true\" class=\"wp-block-spacer\"><\/div>\n\n\n\n<p>Die auf den Kampagnenbildern abgebildeten M\u00e4nner sind alle Models, keine T\u00e4ter. Die ausgew\u00e4hlten Motive stehen exemplarisch f\u00fcr unterschiedliche Formen der Gewalt, denen Frauen ausgesetzt sind.&nbsp;<\/p>\n\n\n\n<div style=\"height:100px\" aria-hidden=\"true\" class=\"wp-block-spacer\"><\/div>\n\n\n\n<div style=\"height:7px\" aria-hidden=\"true\" class=\"wp-block-spacer\"><\/div>\n\n\n\n<figure class=\"wp-block-gallery has-nested-images columns-2 has-base-background-color has-background wp-block-gallery-5 is-layout-flex wp-block-gallery-is-layout-flex\" style=\"border-style:none;border-width:0px;border-radius:0px\">\n<figure class=\"wp-block-image size-full has-custom-border wp-duotone-unset-4\" style=\"margin-top:0;margin-right:0;margin-bottom:0;margin-left:0\"><img loading=\"lazy\" decoding=\"async\" width=\"2597\" height=\"512\" data-id=\"345\" src=\"https:\/\/wegendir.com\/wp-content\/uploads\/2025\/10\/Frame-15-2.png\" alt=\"\" class=\"wp-image-345\" style=\"border-style:none;border-width:0px;border-radius:0px\" srcset=\"https:\/\/wegendir.com\/wp-content\/uploads\/2025\/10\/Frame-15-2.png 2597w, https:\/\/wegendir.com\/wp-content\/uploads\/2025\/10\/Frame-15-2-300x59.png 300w, https:\/\/wegendir.com\/wp-content\/uploads\/2025\/10\/Frame-15-2-1024x202.png 1024w, https:\/\/wegendir.com\/wp-content\/uploads\/2025\/10\/Frame-15-2-768x151.png 768w, https:\/\/wegendir.com\/wp-content\/uploads\/2025\/10\/Frame-15-2-1536x303.png 1536w, https:\/\/wegendir.com\/wp-content\/uploads\/2025\/10\/Frame-15-2-2048x404.png 2048w\" sizes=\"auto, (max-width: 2597px) 100vw, 2597px\" \/><\/figure>\n<\/figure>\n\n\n\n<div style=\"height:100px\" aria-hidden=\"true\" class=\"wp-block-spacer\"><\/div>\n\n\n\n<div class=\"wp-block-query is-layout-flow wp-block-query-is-layout-flow\"><ul class=\"wp-block-post-template is-layout-flow wp-block-post-template-is-layout-flow\"><li class=\"wp-block-post post-1 post type-post status-publish format-standard hentry category-uncategorized\">\n\n<pre id=\"credits\" class=\"wp-block-code has-large-font-size\"><code><strong>Credits<\/strong><\/code><\/pre>\n\n\n\n<pre class=\"wp-block-code\"><code>Eine Kampagne der Gleichstellungstelle der Stadt Bielefeld.<\/code><\/pre>\n\n\n\n<pre class=\"wp-block-code\"><code>Konzept\/ Fotografie\/ Text: <a href=\"http:\/\/www.onnabuchholt.com\" target=\"_blank\" rel=\"noreferrer noopener\">Onna Buchholt<\/a><\/code><\/pre>\n\n\n\n<pre class=\"wp-block-code\"><code>Design: <a href=\"http:\/\/www.sercanyavasoglu.de\" target=\"_blank\" rel=\"noreferrer noopener\">Sercan Yavasoglu<\/a><\/code><\/pre>\n\n\n\n<p><\/p>\n\n<\/li><\/ul><\/div>\n\n\n\n<div style=\"height:32px\" aria-hidden=\"true\" class=\"wp-block-spacer\"><\/div>\n\n\n\n<details class=\"wp-block-details has-plus-jakarta-sans-font-family is-layout-flow wp-block-details-is-layout-flow\"><summary><strong><code>Resources<\/code><\/strong><\/summary>\n<p><sub><code><sup>1<\/sup> Vgl.: HateAid, Koch, L., Voggenreiter, A., Steinert, J.I. (2025): Angegriffen &amp; alleingelassen. Wie sich digitale Gewalt auf politisches Engagement auswirkt. Ein Lagebild, Online verf\u00fcgbar: <a href=\"https:\/\/hateaid.org\/hass-hetze-politisch-engagierte-safe-to-engage\/?mtm_campaign=safe-to-engage-lp&amp;mtm_kwd=safe-to-engange-studie-kurzfassung\" target=\"_blank\" rel=\"noreferrer noopener\">https:\/\/hateaid.org\/hass-hetze-politisch-engagierte-safe-to-engage\/?mtm_campaign=safe-to-engage-lp&amp;mtm_kwd=safe-to-engange-studie-kurzfassung<\/a> [12.10.2025].<\/code><\/sub><br><br><sub><code><sup>2<\/sup> Die Mannosph\u00e4re ist eine digitale Gemeinschaft&nbsp; antifeminitischer und frauenfeindlicher Akteure und dient oftmals als Einstieg in extrem rechte Gruppierungen. Vgl.: Korte, Merle (2023): Digitaler Hass und Demokratiegef\u00e4hrdung: \u00dcber Misogynie und Antifeminismus sowie Anschlussstellen zur extremen Rechten am Beispiel der Gruppierung Men Going Their Own Way (MGTOW), in: Dr\u00fccker, Ansgar\/ Seng, Sebastian, Winterscheidt, Lea (Hrsgs.): Antifeminismus und Feminismen der Migrationsgesellschaft, D\u00fcsseldorf, S.27.<\/code><\/sub><br><br><sub><code><sup>3<\/sup> Vgl.: Pohl, Rolf (2025): Der Traum von der v\u00f6lkisch-patriarchalen Idylle. Antifeminismus und Rechtsextremismus als Schiefheilung der bedrohten M\u00e4nnlichkeit, in: Niendorf, Johanna\/ Kalkstein, Fiona, Rodemerk, Henriette et alii. (Hrsgs): Antifeminismus und Provinzialit\u00e4t. Zur autorit\u00e4ren Abwehr von Emanzipation, Bielefeld, S.108.<\/code><\/sub><br><br><code><sub><sup>4<\/sup> Vgl.: Blum, Rebekka (2019): Angst um die Vormachtstellung. Zum Begriff und zur Geschichte des deutschen Antifeminismus, Hamburg, S.61.<\/sub><\/code><br><br><code><sub><sup>5<\/sup> Vgl.: Snyder, Rachel Louise (2025): We underestimate the manosphere at our peril, in: New York Times, 28.03.2025, Online verf\u00fcgbar: <a href=\"https:\/\/www.nytimes.com\/2025\/03\/28\/opinion\/manosphere-online-boys-parents.html\" target=\"_blank\" rel=\"noreferrer noopener\">https:\/\/www.nytimes.com\/2025\/03\/28\/opinion\/manosphere-online-boys-parents.html<\/a> [12.10.2025].<\/sub><\/code><br><br><sup><code>6<\/code><\/sup><code><sub> Vgl.: HateAid, Koch, L., Voggenreiter, A., Steinert, J.I. (2025): Angegriffen &amp; alleingelassen. Wie sich digitale Gewalt auf politisches Engagement auswirkt. Ein Lagebild, Online verf\u00fcgbar: <a href=\"https:\/\/hateaid.org\/hass-hetze-politisch-engagierte-safe-to-engage\/?mtm_campaign=safe-to-engage-lp&amp;mtm_kwd=safe-to-engange-studie-kurzfassung\" target=\"_blank\" rel=\"noreferrer noopener\">https:\/\/hateaid.org\/hass-hetze-politisch-engagierte-safe-to-engage\/?mtm_campaign=safe-to-engage-lp&amp;mtm_kwd=safe-to-engange-studie-kurzfassung<\/a> [12.10.2025].<\/sub><\/code><br><br><sub><code><sup>7<\/sup>&nbsp;Die Mannosph\u00e4re ist eine digitale Gemeinschaft&nbsp; antifeminitischer und frauenfeindlicher Akteure und dient oftmals als Einstieg in extrem rechte Gruppierungen. Vgl.: Korte, Merle (2023): Digitaler Hass und Demokratiegef\u00e4hrdung: \u00dcber Misogynie und Antifeminismus sowie Anschlussstellen zur extremen Rechten am Beispiel der Gruppierung Men Going Their Own Way (MGTOW), in: Dr\u00fccker, Ansgar\/ Seng, Sebastian, Winterscheidt, Lea (Hrsgs.): Antifeminismus und Feminismen der Migrationsgesellschaft, D\u00fcsseldorf, S.27.<\/code><\/sub><br><br><code><sup>8<\/sup><\/code><sup><code>&nbsp;<\/code><\/sup><code><sub>Vgl.: Pohl, Rolf (2025): Der Traum von der v\u00f6lkisch-patriarchalen Idylle. Antifeminismus und Rechtsextremismus als Schiefheilung der bedrohten M\u00e4nnlichkeit, in: Niendorf, Johanna\/ Kalkstein, Fiona, Rodemerk, Henriette et alii. (Hrsgs): Antifeminismus und Provinzialit\u00e4t. Zur autorit\u00e4ren Abwehr von Emanzipation, Bielefeld, S.108.<\/sub><\/code><br><code><sup>9<\/sup><\/code> &nbsp;<sub><code>Vgl.: Blum, Rebekka (2019): Angst um die Vormachtstellung. Zum Begriff und zur Geschichte des deutschen Antifeminismus, Hamburg, S.61.<\/code><\/sub><br><br><code><sup>10<\/sup><\/code><sub><code> Vgl.: Snyder, Rachel Louise (2025): We underestimate the manosphere at our peril, in: New York Times, 28.03.2025, Online verf\u00fcgbar: <a href=\"https:\/\/www.nytimes.com\/2025\/03\/28\/opinion\/manosphere-online-boys-parents.html\" target=\"_blank\" rel=\"noreferrer noopener\">https:\/\/www.nytimes.com\/2025\/03\/28\/opinion\/manosphere-online-boys-parents.html<\/a> [12.10.2025].&nbsp;<\/code><\/sub><\/p>\n<\/details>\n\n\n\n<pre id=\"resources\" class=\"wp-block-code has-large-font-size\"><code><\/code><\/pre>\n","protected":false},"excerpt":{"rendered":"<p>Kampagne anl\u00e4sslich des\u201cInternationalen Tags gegen Gewalt an Frauen\u201d am 25. November 2025 H\u00e4usliche Gewalt, Sexualstraftaten, digitale Gewalt, Femizide und Menschenhandel \u2013 das sind Straftaten, die das Bundeskriminalamt in seinem Lagebericht 2023 als geschlechtsspezifische Straftaten einordnet, die prim\u00e4r Frauen betreffen. Im Jahr 2022 wurden in Deutschland alleine 938 Frauen Opfer eines Femizids, es wurden 52.330 Vorf\u00e4lle [&hellip;]<\/p>\n","protected":false},"author":1,"featured_media":341,"parent":0,"menu_order":0,"comment_status":"closed","ping_status":"closed","template":"","meta":{"footnotes":""},"class_list":["post-30","page","type-page","status-publish","has-post-thumbnail","hentry"],"_links":{"self":[{"href":"https:\/\/wegendir.com\/index.php?rest_route=\/wp\/v2\/pages\/30","targetHints":{"allow":["GET"]}}],"collection":[{"href":"https:\/\/wegendir.com\/index.php?rest_route=\/wp\/v2\/pages"}],"about":[{"href":"https:\/\/wegendir.com\/index.php?rest_route=\/wp\/v2\/types\/page"}],"author":[{"embeddable":true,"href":"https:\/\/wegendir.com\/index.php?rest_route=\/wp\/v2\/users\/1"}],"replies":[{"embeddable":true,"href":"https:\/\/wegendir.com\/index.php?rest_route=%2Fwp%2Fv2%2Fcomments&post=30"}],"version-history":[{"count":92,"href":"https:\/\/wegendir.com\/index.php?rest_route=\/wp\/v2\/pages\/30\/revisions"}],"predecessor-version":[{"id":354,"href":"https:\/\/wegendir.com\/index.php?rest_route=\/wp\/v2\/pages\/30\/revisions\/354"}],"wp:featuredmedia":[{"embeddable":true,"href":"https:\/\/wegendir.com\/index.php?rest_route=\/wp\/v2\/media\/341"}],"wp:attachment":[{"href":"https:\/\/wegendir.com\/index.php?rest_route=%2Fwp%2Fv2%2Fmedia&parent=30"}],"curies":[{"name":"wp","href":"https:\/\/api.w.org\/{rel}","templated":true}]}}